{"id":119,"date":"2016-04-04T07:45:18","date_gmt":"2016-04-04T05:45:18","guid":{"rendered":"http:\/\/www.klubfialka.cz\/?page_id=119"},"modified":"2026-03-23T19:50:38","modified_gmt":"2026-03-23T18:50:38","slug":"joga-ve-sternberku","status":"publish","type":"page","link":"https:\/\/www.klubfialka.cz\/","title":{"rendered":"Hodiny j\u00f3gy ve \u0160ternberku"},"content":{"rendered":"<p class=\"isSelectedEnd\"><em>P\u0159\u00e1tel\u00e9,<\/em><\/p>\n<p class=\"isSelectedEnd\"><em>pokra\u010dujeme v praxi.<\/em><\/p>\n<p class=\"isSelectedEnd\"><em>Na webu jsou nov\u011b dopln\u011bn\u00e9 term\u00edny od dubna.<\/em><\/p>\n<p class=\"isSelectedEnd\"><em>Podlo\u017eky \u010dekaj\u00ed.<\/em><br \/><em>Dech m\u00e1me.<\/em><br \/><em>My\u0161lenky\u2026 zkus\u00edme na lekc\u00edch ne\u0159e\u0161it \ud83d\ude42<\/em><\/p>\n<p class=\"isSelectedEnd\"><em>T\u011b\u0161\u00edm se na v\u00e1s.<\/em><\/p>\n<p><em>Petra<\/em><\/p>\n<p>\u00a0<\/p>\n<p><span style=\"color: #808080;\"><em>\u00a0\u00a0<\/em><\/span><\/p>\n<p><span style=\"color: #808080;\"><em> \u00a0 \u00a0 \u00a0 \u00a0 \u00a0 \u00a0 \u00a0 \u00a0 \u00a0 \u00a0 \u00a0 \u00a0 \u00a0 \u00a0 \u00a0 \u00a0 \u00a0 \u00a0 \u00a0 \u00a0 \u00a0 \u00a0 \u00a0 \u00a0 \u00a0 \u00a0 \u00a0 \u00a0 \u00a0 \u00a0 \u00a0 \u00a0 \u00a0 \u00a0 \u00a0 \u00a0 \u00a0 \u00a0 \u00a0 \u00a0 \u00a0 \u00a0 \u00a0 \u00a0 \u00a0 \u00a0 \u00a0 \u00a0 \u00a0 \u00a0 \u00a0 \u00a0 \u00a0 \u00a0 \u00a0 \u00a0 \u00a0 \u00a0 \u00a0 \u00a0 \u00a0 \u00a0 \u00a0 \u00a0 \u00a0 \u00a0 \u00a0 \u00a0 \u00a0\u00a0 <\/em><\/span><\/p>\n<p>\u00a0<\/p>\n<div><img loading=\"lazy\" class=\"aligncenter size-full wp-image-464\" src=\"http:\/\/www.klubfialka.cz\/wp-content\/uploads\/2016\/04\/cropped-NOVE-LOGO-OSO-1.jpg\" alt=\"\" width=\"512\" height=\"512\" srcset=\"https:\/\/www.klubfialka.cz\/wp-content\/uploads\/2016\/04\/cropped-NOVE-LOGO-OSO-1.jpg 512w, https:\/\/www.klubfialka.cz\/wp-content\/uploads\/2016\/04\/cropped-NOVE-LOGO-OSO-1-150x150.jpg 150w, https:\/\/www.klubfialka.cz\/wp-content\/uploads\/2016\/04\/cropped-NOVE-LOGO-OSO-1-300x300.jpg 300w, https:\/\/www.klubfialka.cz\/wp-content\/uploads\/2016\/04\/cropped-NOVE-LOGO-OSO-1-100x100.jpg 100w, https:\/\/www.klubfialka.cz\/wp-content\/uploads\/2016\/04\/cropped-NOVE-LOGO-OSO-1-270x270.jpg 270w, https:\/\/www.klubfialka.cz\/wp-content\/uploads\/2016\/04\/cropped-NOVE-LOGO-OSO-1-192x192.jpg 192w, https:\/\/www.klubfialka.cz\/wp-content\/uploads\/2016\/04\/cropped-NOVE-LOGO-OSO-1-180x180.jpg 180w, https:\/\/www.klubfialka.cz\/wp-content\/uploads\/2016\/04\/cropped-NOVE-LOGO-OSO-1-32x32.jpg 32w\" sizes=\"(max-width: 512px) 100vw, 512px\" \/><\/div>\n\n\n<p><\/p>\n","protected":false},"excerpt":{"rendered":"<p>P\u0159\u00e1tel\u00e9, pokra\u010dujeme v praxi. Na webu jsou nov\u011b dopln\u011bn\u00e9 term\u00edny od dubna. Podlo\u017eky \u010dekaj\u00ed.Dech m\u00e1me.My\u0161lenky\u2026 zkus\u00edme na lekc\u00edch ne\u0159e\u0161it \ud83d\ude42 T\u011b\u0161\u00edm se na v\u00e1s. Petra \u00a0 \u00a0\u00a0 \u00a0 \u00a0 \u00a0 \u00a0 \u00a0 \u00a0 \u00a0 \u00a0 \u00a0 \u00a0 \u00a0 \u00a0 \u00a0 \u00a0 \u00a0 \u00a0 \u00a0 \u00a0 \u00a0 \u00a0 \u00a0 \u00a0 \u00a0 \u00a0 \u00a0 \u00a0 \u00a0 \u00a0 &hellip; <\/p>\n<p class=\"link-more\"><a href=\"https:\/\/www.klubfialka.cz\/\" class=\"more-link\">Pokra\u010dovat ve \u010dten\u00ed<span class=\"screen-reader-text\"> &#8222;Hodiny j\u00f3gy ve \u0160ternberku&#8220;<\/span><\/a><\/p>\n","protected":false},"author":1,"featured_media":0,"parent":0,"menu_order":0,"comment_status":"closed","ping_status":"closed","template":"","meta":[],"_links":{"self":[{"href":"https:\/\/www.klubfialka.cz\/index.php?rest_route=\/wp\/v2\/pages\/119"}],"collection":[{"href":"https:\/\/www.klubfialka.cz\/index.php?rest_route=\/wp\/v2\/pages"}],"about":[{"href":"https:\/\/www.klubfialka.cz\/index.php?rest_route=\/wp\/v2\/types\/page"}],"author":[{"embeddable":true,"href":"https:\/\/www.klubfialka.cz\/index.php?rest_route=\/wp\/v2\/users\/1"}],"replies":[{"embeddable":true,"href":"https:\/\/www.klubfialka.cz\/index.php?rest_route=%2Fwp%2Fv2%2Fcomments&post=119"}],"version-history":[{"count":119,"href":"https:\/\/www.klubfialka.cz\/index.php?rest_route=\/wp\/v2\/pages\/119\/revisions"}],"predecessor-version":[{"id":1421,"href":"https:\/\/www.klubfialka.cz\/index.php?rest_route=\/wp\/v2\/pages\/119\/revisions\/1421"}],"wp:attachment":[{"href":"https:\/\/www.klubfialka.cz\/index.php?rest_route=%2Fwp%2Fv2%2Fmedia&parent=119"}],"curies":[{"name":"wp","href":"https:\/\/api.w.org\/{rel}","templated":true}]}}